
Is 7522 a composite number?
True
Is 647741 a prime number?
True
Is 640193 prime?
True
Is 573 prime?
False
Is 764887 a prime number?
True
Is 159583 a prime number?
False
Is 56501 prime?
True
Is 8203 composite?
True
Is 700801 a composite number?
False
Is 525089 a composite number?
True
Is 18659 a prime number?
False
Is 156511 a composite number?
False
Is 185221 prime?
True
Is 2317723 prime?
True
Is 83177 prime?
True
Is 160663 prime?
True
Is 46399 a prime number?
True
Is 1259 prime?
True
Is 122929 a composite number?
False
Is 177673 a composite number?
True
Is 9601 prime?
True
Is 364213 composite?
False
Is 1117059 a prime number?
False
Is 5297 a composite number?
False
Is 79367 a composite number?
False
Is 353557 prime?
True
Is 810319 prime?
True
Is 269969 a prime number?
False
Is 736817 a composite number?
False
Is 1009 a composite number?
False
Is 22177 prime?
False
Is 8003419 a prime number?
True
Is 4003 a prime number?
True
Is 15391 a composite number?
False
Is 12457 prime?
True
Is 10427 a composite number?
False
Is 11911 a prime number?
False
Is 1319 a composite number?
False
Is 11057 prime?
True
Is 1690423 a composite number?
True
Is 51995 a composite number?
True
Is 6029 composite?
False
Is 2099 prime?
True
Is 102857 a prime number?
False
Is 1747061 composite?
False
Is 315347 a composite number?
True
Is 2719 a prime number?
True
Is 1174163 prime?
True
Is 6238 composite?
True
Is 25222 prime?
False
Is 19223 composite?
True
Is 1262 prime?
False
Is 33622 a composite number?
True
Is 3546371 a prime number?
True
Is 4971 prime?
False
Is 13766 composite?
True
Is 86269 composite?
False
Is 1211 a composite number?
True
Is 3491 composite?
False
Is 449639 composite?
True
Is 100522 prime?
False
Is 225571 prime?
False
Is 57617 composite?
True
Is 15103 prime?
False
Is 130999 a composite number?
True
Is 706417 a composite number?
False
Is 18613 composite?
True
Is 455663 a prime number?
False
Is 7789 a prime number?
True
Is 2458 composite?
True
Is 432457 a composite number?
False
Is 31633 prime?
False
Is 12133 a composite number?
True
Is 4391 a prime number?
True
Is 17551 prime?
True
Is 1981337 a prime number?
True
Is 69761 prime?
True
Is 41417 a composite number?
True
Is 12197 composite?
False
Is 11987 a prime number?
True
Is 68993 composite?
False
Is 129841 prime?
True
Is 3235 prime?
False
Is 30881 composite?
False
Is 56369 a composite number?
False
Is 87613 a composite number?
False
Is 1913581 a composite number?
False
Is 4711 prime?
False
Is 19531 a prime number?
True
Is 922337 composite?
True
Is 543853 a prime number?
True
Is 634565 a prime number?
False
Is 988031 a prime number?
False
Is 361991 composite?
True
Is 1105009 prime?
True
Is 59919 composite?
True
Is 168953 composite?
True
Is 374287 a composite number?
False
Is 866569 a composite number?
True
Is 19059 prime?
False
Is 67247 a prime number?
True
Is 1889 composite?
False
Is 38219 a prime number?
True
Is 324107 prime?
False
Is 205237 a composite number?
False
Is 443659 composite?
False
Is 16033 a prime number?
True
Is 51661 a composite number?
True
Is 73009 composite?
False
Is 507821 composite?
False
Is 306073 a prime number?
False
Is 1024211 prime?
False
Is 32411 a prime number?
True
Is 57037 composite?
False
Is 3041 a composite number?
False
Is 125063 a prime number?
True
Is 412921 prime?
False
Is 10133 a composite number?
False
Is 71293 composite?
False
Is 877811 prime?
False
Is 304711 a prime number?
False
Is 5857 composite?
False
Is 75441 a prime number?
False
Is 20101 a composite number?
False
Is 97447 composite?
True
Is 81181 a composite number?
False
Is 20759 prime?
True
Is 311897 a prime number?
True
Is 7103 a composite number?
False
Is 7453 a composite number?
True
Is 54217 composite?
False
Is 3401 a prime number?
False
Is 7349 a composite number?
False
Is 125141 composite?
False
Is 18947 a composite number?
False
Is 51383 a composite number?
False
Is 46601 a composite number?
False
Is 1718809 composite?
True
Is 137369 a prime number?
True
Is 977629 composite?
False
Is 3349 a composite number?
True
Is 91571 a prime number?
True
Is 115405 a composite number?
True
Is 21269 a composite number?
False
Is 1433062 a composite number?
True
Is 8357 prime?
False
Is 410317 a prime number?
True
Is 84761 prime?
True
Is 533879 composite?
False
Is 6521 a prime number?
True
Is 7033 composite?
True
Is 269017 composite?
True
Is 100447 prime?
True
Is 3407 a composite number?
False
Is 319259 a composite number?
False
Is 156019 prime?
True
Is 8651 prime?
False
Is 1250647 prime?
True
Is 459089 a composite number?
False
Is 38543 a prime number?
True
Is 202355 prime?
False
Is 359341 composite?
True
Is 24901 prime?
False
Is 175601 a composite number?
False
Is 25837 a composite number?
True
Is 302329 composite?
False
Is 8419 a composite number?
False
Is 864337 a prime number?
False
Is 94463 a prime number?
True
Is 715541 prime?
False
Is 5779 a composite number?
False
Is 82235 a composite number?
True
Is 15389 prime?
False
Is 4819 a composite number?
True
Is 14509 a composite number?
True
Is 10243 a prime number?
True
Is 18227 a prime number?
False
Is 2819 prime?
True
Is 1145 a composite number?
True
Is 13198 composite?
True
Is 313759 a composite number?
True
Is 4469 prime?
False
Is 84011 a composite number?
False
Is 536267 prime?
True
Is 1658939 a prime number?
False
Is 49337 a prime number?
False
Is 1115 a composite number?
True
Is 25247 composite?
False
Is 44449 a composite number?
False
Is 26473 prime?
False
Is 16493 prime?
True
Is 688685 a composite number?
True
Is 36769 prime?
False
Is 59539 a composite number?
False
Is 11659 a prime number?
False
Is 20067 composite?
True
Is 29483 prime?
True
Is 85513 a composite number?
False
Is 171499 composite?
True
Is 97054 composite?
True
Is 22613 composite?
False
Is 51673 a prime number?
True
Is 5308045 a composite number?
True
Is 822331 a composite number?
True
Is 37691 a prime number?
True
Is 459337 prime?
True
Is 38299 a composite number?
False
Is 2365589 composite?
False
Is 446819 a composite number?
False
Is 1155097 a prime number?
True
Is 423173 composite?
False
Is 9533 a composite number?
False
Is 21943 prime?
True
Is 6287 prime?
True
Is 5723 prime?
False
Is 224101 a composite number?
False
Is 469907 prime?
True
Is 47819 prime?
True
Is 56429 a prime number?
False
Is 19289 composite?
False
Is 304211 a prime number?
True
Is 45817 prime?
True
Is 66221 prime?
True
Is 261881 a composite number?
False
Is 121763 composite?
False
Is 29789 a prime number?
True
Is 262303 a prime number?
True
Is 5557 a prime number?
True
Is 6421 a prime number?
True
Is 1035107 composite?
False
Is 137441 a prime number?
False
Is 8157 a composite number?
True
Is 341351 composite?
True
Is 3907 prime?
True
Is 469529 a prime number?
True
Is 112061 prime?
True
Is 98407 composite?
False
Is 228829 composite?
False
Is 300281 a prime number?
False
Is 2927 composite?
False
Is 143239 a composite number?
False
Is 39379 a composite number?
True
Is 399851 a prime number?
True
Is 58069 composite?
True
Is 6947 a composite number?
False
Is 12655 a prime number?
False
Is 452759 composite?
False
Is 1085101 prime?
True
Is 691 prime?
True
Is 65239 a prime number?
True
Is 70178 composite?
True
Is 81791 prime?
False
Is 101731 prime?
False
Is 12898931 prime?
True
Is 25147 prime?
True
Is 907 prime?
True
Is 31519 a composite number?
True
Is 5807 prime?
True
Is 63361 composite?
False
Is 1191457 composite?
False
Is 18637 composite?
False
Is 10643 a composite number?
True
Is 18077 a prime number?
True
Is 25293 a composite number?
True
Is 147037 composite?
True
Is 151531 a prime number?
True
Is 20005 a composite number?
True
Is 718 a composite number?
True
Is 22147 prime?
True
Is 1621 a prime number?
True
Is 63811 composite?
True
Is 3647 composite?
True
Is 16787 a composite number?
False
Is 935087 a composite number?
True
Is 932863 a prime number?
True
Is 91577 prime?
True
Is 71453 composite?
False
Is 10007 a prime number?
True
Is 347 composite?
False
Is 48437 composite?
False
Is 799759 composite?
False
Is 268153 a prime number?
True
Is 33149 a prime number?
True
Is 4391 composite?
False
Is 902471 prime?
True
Is 3511 a prime number?
True
Is 169531 composite?
False
Is 5639 composite?
False
Is 112543 composite?
F